te?
True
Is 21593591 a composite number?
False
Is 22002823 a prime number?
True
Is 774024103 composite?
True
Is 308621831 prime?
False
Is 9368133 a composite number?
True
Is 5834441 composite?
False
Is 24415447 composite?
True
Is 11199079 prime?
True
Is 11166049 a composite number?
False
Is 77359939 prime?
True
Is 261691 a prime number?
False
Is 9087017 composite?
False
Is 31232515 a prime number?
False
Is 2790937 prime?
False
Is 4544877 composite?
True
Is 2316037 a prime number?
True
Is 5715601 a prime number?
True
Is 22175641 prime?
False
Is 29031941 prime?
True
Is 1094221637 prime?
True
Is 2672357 a composite number?
False
Is 4408787 prime?
True
Is 40074469 prime?
False
Is 18417874 a composite number?
True
Is 89842421 a composite number?
True
Is 16196735 composite?
True
Is 2101471 a composite number?
False
Is 1250237 a prime number?
True
Is 9948181 a composite number?
True
Is 98050523 prime?
False
Is 2908553 a composite number?
True
Is 8000099 a composite number?
False
Is 2368657 composite?
True
Is 18060797 a prime number?
False
Is 47142773 composite?
True
Is 108174559 prime?
False
Is 16447909 a composite number?
False
Is 1502479733 a prime number?
False
Is 17475919 prime?
False
Is 1098371 a prime number?
False
Is 46819013 prime?
True
Is 468014893 prime?
False
Is 19992527 a prime number?
False
Is 23541839 a prime number?
True
Is 181033591 a composite number?
False
Is 309886207 prime?
False
Is 33764281 prime?
True
Is 639673481 prime?
True
Is 45760237 a prime number?
True
Is 9738611 a prime number?
False
Is 15542077 prime?
False
Is 511628473 composite?
False
Is 1854521 a prime number?
False
Is 434861563 a prime number?
True
Is 1042169 a composite number?
True
Is 21550829 prime?
True
Is 51154157 prime?
True
Is 3503677 prime?
True
Is 3886991 a composite number?
False
Is 720757 prime?
False
Is 62602961 composite?
True
Is 373693 a composite number?
False
Is 2766853 composite?
True
Is 13543505 a prime number?
False
Is 2512073 prime?
False
Is 1978859 a prime number?
False
Is 3783971 prime?
True
Is 18567697 a composite number?
True
Is 4594001 composite?
False
Is 398497633 composite?
False
Is 75772813 a composite number?
False
Is 12522742 a prime number?
False
Is 103716061 a prime number?
False
Is 25996973 prime?
True
Is 6025247 prime?
True
Is 21183541 a composite number?
False
Is 5683721 a prime number?
True
Is 43622479 a prime number?
False
Is 13090978 prime?
False
Is 15142889 a composite number?
False
Is 58336237 a composite number?
False
Is 64643 composite?
True
Is 20630761 composite?
False
Is 766081 a prime number?
False
Is 47761403 composite?
False
Is 231589 composite?
False
Is 246396191 prime?
False
Is 6280979 prime?
True
Is 70192981 composite?
True
Is 312138899 a composite number?
False
Is 124354651 prime?
False
Is 153147109 a prime number?
False
Is 131002826 prime?
False
Is 114567221 a prime number?
True
Is 1555727 a prime number?
True
Is 560974 composite?
True
Is 103733867 prime?
True
Is 40209923 prime?
False
Is 4231846 prime?
False
Is 361041133 prime?
True
Is 48941047 a prime number?
False
Is 216465127 a prime number?
False
Is 187625918 prime?
False
Is 11454239 a composite number?
False
Is 11525849 composite?
True
Is 387577 a prime number?
True
Is 506567 composite?
True
Is 38538001 a composite number?
False
Is 168636581 a prime number?
True
Is 2530709 composite?
False
Is 19383461 prime?
True
Is 9755257 prime?
True
Is 202459119 composite?
True
Is 12087409 prime?
True
Is 9668639 a prime number?
True
Is 12139441 a prime number?
False
Is 111521 a composite number?
False
Is 189221359 a prime number?
True
Is 38780999 a composite number?
True
Is 204210067 a prime number?
False
Is 2590589 a prime number?
True
Is 16221137 composite?
False
Is 3771997 a prime number?
False
Is 7430923 composite?
False
Is 9746413 composite?
True
Is 1765486373 a composite number?
True
Is 66836351 composite?
False
Is 1980274 prime?
False
Is 43989277 prime?
True
Is 143545393 composite?
False
Is 21318347 a prime number?
False
Is 784687 composite?
False
Is 8072591 prime?
True
Is 1137133393 a prime number?
False
Is 3950489 composite?
True
Is 53691839 composite?
False
Is 211621 prime?
False
Is 813521 a composite number?
True
Is 485419523 a prime number?
False
Is 292649453 composite?
False
Is 167026063 prime?
True
Is 148733213 a prime number?
True
Is 132574373 composite?
False
Is 2372597 a composite number?
False
Is 10799677 prime?
False
Is 1921819 prime?
True
Is 32615083 a prime number?
True
Is 1158233 a prime number?
False
Is 167869141 a prime number?
False
Is 165738194 a prime number?
False
Is 684997 prime?
False
Is 15828889 composite?
False
Is 3608039 a prime number?
True
Is 83857 composite?
False
Is 1814639 composite?
False
Is 138389219 composite?
False
Is 6429323 composite?
False
Is 2441501 a prime number?
False
Is 34226333 a prime number?
True
Is 477012553 a composite number?
True
Is 5595989 a composite number?
True
Is 415343 a prime number?
True
Is 27275245 prime?
False
Is 255447181 a prime number?
False
Is 27145289 composite?
False
Is 4031453 a prime number?
True
Is 919301 prime?
True
Is 35827637 a prime number?
False
Is 1661417 prime?
False
Is 22277081 a composite number?
False
Is 161407 a prime number?
True
Is 175906694 composite?
True
Is 3317591 prime?
True
Is 11963129 a prime number?
False
Is 10050589 a composite number?
True
Is 296088659 a composite number?
False
Is 18099613 a composite number?
True
Is 223733 a prime number?
False
Is 3773353 composite?
True
Is 89236057 prime?
True
Is 7895455 prime?
False
Is 18845747 prime?
True
Is 28427167 a composite number?
False
Is 100706939 a composite number?
False
Is 2186043 composite?
True
Is 711397 a prime number?
True
Is 27570643 prime?
True
Is 1424317 composite?
False
Is 43290263 a composite number?
False
Is 149621 prime?
False
Is 244294261 a composite number?
True
Is 10997977 prime?
False
Is 75461591 prime?
True
Is 676337 composite?
False
Is 4349797 a composite number?
True
Is 1036963 composite?
True
Is 628261 composite?
False
Is 417223 prime?
False
Is 23673743 a composite number?
True
Is 1261991 a composite number?
True
Is 35685131 a prime number?
False
Is 193983479 a prime number?
True
Is 1668299 a prime number?
True
Is 19331791 a prime number?
False
Is 84257321 a composite number?
True
Is 14134331 composite?
False
Is 481662053 prime?
True
Is 5752223 prime?
True
Is 27454139 a prime number?
True
Is 186080621 a prime number?
True
Is 15831317 a composite number?
False
Is 53966447 a prime number?
True
Is 195055487 composite?
True
Is 3808667 composite?
False
Is 3455761 a composite number?
False
Is 1888121 composite?
False
Is 115613 prime?
True
Is 11601173 a prime number?
False
Is 72826493 a prime number?
False
Is 59424767 prime?
True
Is 22852849 a composite number?
False
Is 1056071 prime?
True
Is 143387 composite?
False
Is 5616041 composite?
True
Is 411395129 a composite number?
False
Is 62043881 composite?
True
Is 10599373 a composite number?
False
Is 147416777 a composite number?
False
Is 5553721 a composite number?
False
Is 134038237 a composite number?
False
Is 11100889 a prime number?
True
Is 21698683 a composite number?
True
Is 402184427 a composite number?
True
Is 7321331 composite?
True
Is 6821729 a prime number?
False
Is 71312081 a composite number?
False
Is 7351073 prime?
True
Is 266581 prime?
False
Is 9563573 a prime number?
False
Is 62183141 composite?
False
Is 35790071 composite?
False
Is 260868953 prime?
True
Is 6803789 a composite number?
True
Is 110541 composite?
True
Is 87085 composite?
True
Is 112935341 a prime number?
False
Is 4517845 a composite number?
True
Is 71391049 prime?
True
Is 1285849 prime?
False
Is 179144003 composite?
True
Is 965267 composite?
False
Is 120192467 a composite number?
True
Is 186823678 a prime number?
False
Is 29891531 composite?
False
Is 285742 composite?
True
Is 275403853 composite?
False
Is 10602463 composite?
False
Is 35997413 a composite number?
False
Is 189631747 a composite number?
True
Is 3010297 a composite number?
False
Is 14503963 a composite number?
True
Is 1450697 a prime number?
True
Is 297426377 a composite number?
False
Is 10035665 prime?
False
Is 64784663 prime?
True
Is 36904683 prime?
False
Is 5469141 prime?
False
Is 29906911 composite?
False
Is 2590399 p